ase 9, what is -130 - -151476?
151346
In base 7, what is -11623561 + 20?
-11623541
In base 7, what is -1351230 - 35?
-1351265
In base 15, what is -2402b1 + -6?
-2402b7
In base 15, what is 20e - -1863c?
1884b
In base 12, what is -2aa0 - -17273?
14393
In base 6, what is -22434 + 524140?
501302
In base 8, what is -140236601 - 5?
-140236606
In base 12, what is -2587 + -288b?
-5256
In base 10, what is -9283466 + -2?
-9283468
In base 15, what is 94 - 23ec8?
-23e34
In base 4, what is 20 - 2133122320?
-2133122300
In base 7, what is 300344 + 15315?
315662
In base 5, what is -211303 + 42003?
-114300
In base 2, what is 110000001 - -111011100010000100?
111011101000000101
In base 2, what is -101000000101011001110001 - -1?
-101000000101011001110000
In base 10, what is 22286831 + -1?
22286830
In base 13, what is -64 + 156c3?
1565c
In base 7, what is -21350 - 35250?
-56630
In base 16, what is 11fc35f - 0?
11fc35f
In base 14, what is 1d97 - 786?
1611
In base 7, what is -112650 + -46?
-113026
In base 6, what is 11254045 + 42?
11254131
In base 15, what is 9 + -148a51e?
-148a515
In base 4, what is 123113120000 + -1?
123113113333
In base 4, what is 12300221 + 223311?
13130132
In base 13, what is abab - 16?
ab95
In base 10, what is 430 - -47997?
48427
In base 3, what is 1122102212022001112 + 10?
1122102212022001122
In base 14, what is 3c6 + -18a0?
-14b8
In base 15, what is 1c2aa3 - -b?
1c2aae
In base 9, what is 72365774 + -2?
72365772
In base 5, what is -1212 + -20410001?
-20411213
In base 7, what is 110 + -430346052?
-430345642
In base 4, what is 1 - -1203122020323?
1203122020330
In base 14, what is b525 + 22c?
b753
In base 3, what is 112211200221201110 + -11?
112211200221201022
In base 13, what is 1666 - 4ba?
1179
In base 3, what is -10020 - -221201201100?
221201121010
In base 7, what is 1434323 + -142?
1434151
In base 11, what is 9872 + 6a8?
a46a
In base 8, what is 601 + -615371?
-614570
In base 5, what is -113210033221 + 2?
-113210033214
In base 6, what is -15021 - -12343?
-2234
In base 3, what is 20100220220000 + -12020?
20100220200210
In base 14, what is 1 - -3949281?
3949282
In base 11, what is 2831359 + -7?
2831352
In base 6, what is -24413 - 4321?
-33134
In base 14, what is 187 + -10a7?
-d20
In base 10, what is 0 + 97257430?
97257430
In base 13, what is -46 + -c097c5?
-c0983b
In base 13, what is 10 - -3191b?
3192b
In base 15, what is -6b60 - -264?
-68eb
In base 15, what is 3e8077 - 8?
3e806e
In base 2, what is -1110010000111011100110100 + 100?
-1110010000111011100110000
In base 9, what is -7 + -17275845?
-17275853
In base 7, what is -64524403 - 10?
-64524413
In base 11, what is 18a76 + -6a9?
18378
In base 16, what is -4cdaa3 + 2?
-4cdaa1
In base 9, what is 2 - -6483042?
6483044
In base 11, what is -81671 + 13?
-81659
In base 5, what is 21213323332 + -2?
21213323330
In base 4, what is -103033000102111 + -3?
-103033000102120
In base 13, what is -b186538 + 1?
-b186537
In base 4, what is 12220030022003 - 1?
12220030022002
In base 9, what is -13 - 35503042?
-35503055
In base 13, what is -3 + 779ca6?
779ca3
In base 7, what is -2 + 203033621?
203033616
In base 2, what is -10010010001011 - -10100110100100?
10100011001
In base 6, what is -5 - 401032334?
-401032343
In base 7, what is 435 + -3233256?
-3232521
In base 9, what is -64810115 + -7?
-64810123
In base 4, what is 3 + -11133300311033?
-11133300311030
In base 15, what is 17a48 - -2d?
17a76
In base 8, what is 40114 + 75665?
136001
In base 8, what is -2615575 + 14?
-2615561
In base 14, what is 4 + 26a4cb?
26a4d1
In base 16, what is -2274b - f7?
-22842
In base 9, what is 10 + -4412887?
-4412877
In base 12, what is 639 - -7b62?
859b
In base 10, what is -3 + -496660?
-496663
In base 15, what is -3316 + d7?
-322e
In base 12, what is 7 - -717075?
717080
In base 15, what is -6 + 3b7ba4?
3b7b9d
In base 13, what is -1535 - -c850?
b318
In base 2, what is 10011110010110010110111000100 - 100?
10011110010110010110111000000
In base 4, what is -300330013233 - -11?
-300330013222
In base 9, what is -5268210 + -5?
-5268215
In base 5, what is 123031310 + 2?
123031312
In base 15, what is 22795 + -175?
22620
In base 3, what is -2021 + 1020112102?
1020110011
In base 5, what is -2 - -2412234210?
2412234203
In base 13, what is 17490749 + 5?
17490751
In base 7, what is -3 + -6050421453?
-6050421456
In base 10, what is -13 - 46651564?
-46651577
In base 16, what is 10f0ab - -4?
10f0af
In base 9, what is -218 - -167228?
167010
In base 7, what is 1320442 - 16?
1320423
In base 16, what is -5 - 22d43f?
-22d444
In base 11, what is -3 - -12a10a7?
12a10a4
In base 9, what is 6 - -206308072?
206308078
In base 5, what is -333 + -3001233334?
-3001234222
In base 13, what is -14280 + -27?
-142a7
In base 9, what is 5 + 51407668?
51407674
In base 9, what is 0 - 55756125?
-55756125
In base 7, what is 5 + -23152241?
-23152233
In base 13, what is 4 + 10355?
10359
In base 3, what is -2101 - 1222012002021?
-1222012011122
In base 3, what is -2010 + 2220212011?
2220210001
In base 4, what is -2330 - -3200323?
3131333
In base 13, what is 21a3c - ab?
21961
In base 14, what is 6a - -10c225?
10c291
In base 11, what is -195 + 501061?
500977
In base 4, what is 30110 + 12311131?
13001301
In base 7, what is 1136652 - 350?
1136302
In base 13, what is -8 + -1a87421?
-1a87429
In base 6, what is -13431 - -353?
-13034
In base 8, what is 5 - 11745552?
-11745545
In base 6, what is -100524 + -1324003?
-1424531
In base 8, what is -17651 + 35617?
15746
In base 3, what is -11212 - 101220111?
-102002100
In base 4, what is -11000 + 11003100?
10332100
In base 8, what is -1546 - 2350?
-4116
In base 14, what is -1607152d + -1?
-16071530
In base 4, what is 110033003023 - -1?
110033003030
In base 3, what is -100010 + -112001220?
-112102000
In base 8, what is 35447 - 4271?
31156
In base 5, what is -2001104 + -1?
-2001110
In base 5, what is 2244020231 - -12?
2244020243
In base 10, what is -24253419 + 1?
-24253418
In base 16, what is -5a - -c4d5?
c47b
In base 9, what is -381 + 2580?
2188
In base 10, what is -39 - -7797205?
7797166
In base 2, what is -100110000 - 101010001100110100?
-101010010001100100
In base 14, what is -11 - 11d9b0b?
-11d9b1c
In base 9, what is 7024 - 22530?
-14505
In base 14, what is -1 - -200811?
200810
In base 12, what is 0 - 12b86a85?
-12b86a85
In base 7, what is -2 - -31130240?
31130235
In base 4, what is -300223023002 + 3?
-300223022333
In base 13, what is 0 + 8b36a0?
8b36a0
In base 13, what is 1a96 + -2775?
-9ac
In base 9, what is -845 - -103518?
102563
In base 5, what is -13 + -2203331311?
-2203331324
In base 5, what is 10 + 23130102414?
23130102424
In base 16, what is 2890e + -9?
28905
In base 6, what is 2 + -1102105522?
-1102105520
In base 16, what is -5 + -2daf91b?
-2daf920
In base 12, what is -965b472 + -5?
-965b477
In base 9, what is 2544603 + 1173?
2545776
In base 9, what is -20764 - 10586?
-31461
In base 6, what is -144205 + 1005?
-143200
In base 10, what is -5181 - 924?
-6105
In base 3, what is -100111201100 - -100002010?
-100011122020
In base 6, what is 33112022 - 2221?
33105401
In base 11, what is -1 - -155966a?
1559669
In base 13, what is 2 + -30460a7?
-30460a5
In base 7, what is 0 - -6234255426?
6234255426
In base 15, what is -72a6 - 194?
-744a
In base 10, what is -42120 + -2428?
-44548
In base 12, what is -7a98 + b17?
-6b81
In base 3, what is 10 - 21222101112120022?
-21222101112120012
In base 2, what is 11 + 1100000011100011010101?
1100000011100011011000
In base 7, what is 16 + 306531055?
306531104
In base 10, what is -11644675 - 38?
-11644713
In base 14, what is 5 - -20dda6?
20ddab
In base 12, what is -1 - -ba7a3b?
ba7a3a
In base 3, what is 111111010012 + 20111?
111111100200
In base 16, what is -292 + 206?
-8c
In base 4, what is -1323 - 310130320?
-310132303
In base 9, what is -543127 - 12?
-543140
In base 4, what is 12230213 + 21212111?
100102330
In base 9, what is -852836751 + 1?
-852836750
In base 6, what is 3155 - 1454205?
-1451010
In base 12, what is -19b6650 + -5?
-19b6655
In base 3, what is -200112 - -1001010000?
1000102111
In base 14, what is -bb132 + -175?
-bb2a7
In base 16, what is -2 - 4d99db3?
-4d99db5
In base 14, what is -22d + 18a8?
1679
In base 15, what is -8b77 + 2526?
-6651
In base 11, what is -138 - -574a01?
574874
In base 9,